8).
13
Let x(i) = -i + 107. What is x(-7)?
114
Let n(x) = -4*x**2 - 51*x + 18. Calculate n(-13).
5
Let m(c) = -3*c**2 + 113*c + 49. Determine m(38).
11
Let a(w) = -w**3 + 127*w**2 + 1371*w - 196. Determine a(137).
-59
Let s(t) = -17*t**2 - 935*t + 79. Give s(-55).
79
Let r(x) = -2*x**3 - 7*x**2 + 30*x - 1. Calculate r(-6).
-1
Let f(q) = -77*q - 3173. Give f(-41).
-16
Let y(u) = 2*u**2 - 139*u - 80. Determine y(70).
-10
Let t(f) = -109*f**3 + 3*f**2 - 6*f - 10. Determine t(-1).
108
Let x(v) = 2*v**3 - 102*v**2 - 214*v + 104. Give x(53).
-2
Let o(k) = 2*k**3 - 14*k**2 + 79*k - 777. Give o(8).
-17
Let z(o) = -96*o + 1567. Give z(15).
127
Let q(n) = -n**3 - 30*n**2 - 177*n - 14. Give q(-22).
8
Let b(p) = -p**2 - 38*p + 37. Calculate b(-45).
-278
Let f(p) = -p**3 + 4*p**2 + 7*p - 37. Calculate f(5).
-27
Let v(f) = f**3 - 94*f**2 - 90*f - 415. Determine v(95).
60
Let r(o) = -3*o**2 - 139*o + 1134. Calculate r(7).
14
Let m(r) = 2*r**2 - 2*r - 3971. What is m(-44)?
-11
Let y(w) = -41*w + 54. Give y(4).
-110
Let n(i) = -18*i + 461. Determine n(46).
-367
Let c(q) = 297*q - 2782. Give c(10).
188
Let p(g) = 32*g**2 + 101*g + 7. Give p(-3).
-8
Let m(g) = 127*g + 522. Give m(-4).
14
Let a(i) = -3*i**2 - 98*i - 18. Determine a(-32).
46
Let d(o) = -o**3 + 20*o**2 - 33*o + 26. Determine d(7).
432
Let b(x) = -x**3 + 39*x**2 - 58*x - 560. Determine b(37).
32
Let t(n) = -40*n + 896. Give t(24).
-64
Let k(r) = -r**3 - 55*r**2 - 7*r - 295. Calculate k(-55).
90
Let o(m) = 122*m + 11961. What is o(-98)?
5
Let u(t) = -432*t + 2996. What is u(7)?
-28
Let l(x) = -2*x**2 - 67*x + 200. Give l(3).
-19
Let l(n) = -21*n - 747. Calculate l(-36).
9
Let y(i) = -25*i**2 - 41*i + 75. Give y(0).
75
Let b(g) = -23*g - 106. Calculate b(-5).
9
Let w(i) = 2*i**3 + 26*i**2 + 36*i + 472. Give w(-13).
4
Let q(b) = -b**2 - 308*b - 9559. Calculate q(-273).
-4
Let m(w) = -31*w + 263. Calculate m(-12).
635
Let g(t) = -4*t**2 - 92*t + 412. Determine g(-26).
100
Let s(q) = 3*q**2 + 31*q + 20. What is s(-11)?
42
Let y(r) = 2*r**3 + 22*r**2 + 18*r - 22. What is y(-10)?
-2
Let n(f) = 65*f**2 - 9*f + 7. Determine n(1).
63
Let i(b) = 38*b + 500. Determine i(-13).
6
Let c(a) = -a**2 - 366*a - 17378. What is c(-56)?
-18
Let d(t) = -t**3 + 52*t - 22. Calculate d(7).
-1
Let w(v) = -387*v + 67729. What is w(175)?
4
Let h(b) = 252*b + 797. Give h(-4).
-211
Let b(g) = -1176*g + 8323. What is b(7)?
91
Let m(l) = -12*l**3 - 7*l**2 - 26*l + 9. Calculate m(-4).
769
Let i(d) = -d**2 + 237*d + 69765. Calculate i(408).
-3
Let o(f) = -14*f**2 + 51*f - 1. What is o(2)?
45
Let j(l) = -2*l**3 - 24*l - 48. Determine j(-2).
16
Let z(c) = 138*c - 693. Calculate z(5).
-3
Let h(o) = 4*o**2 - 25*o + 8. Calculate h(2).
-26
Let m(v) = -14*v**2 - 197*v - 113. Give m(-14).
-99
Let n(x) = -150*x - 63005. Determine n(-420).
-5
Let s(i) = -i**3 + 17*i**2 + 121*i - 1741. Calculate s(18).
113
Let r(g) = g**2 + 20*g - 1620. What is r(-41)?
-759
Let c(u) = -u**2 + 114*u + 848. What is c(121)?
1
Let m(c) = 11*c - 235. What is m(24)?
29
Let v(y) = -y**3 - 65*y**2 - 591*y + 145. Determine v(-54).
-17
Let h(b) = -b**2 - 1260*b + 8862. What is h(7)?
-7
Let s(i) = -7*i**2 + 175*i - 171. What is s(1)?
-3
Let o(s) = 6*s**2 + 38*s - 187. Calculate o(5).
153
Let z(x) = x**2 - 814*x - 5741. Determine z(-7).
6
Let c(f) = -8*f**2 + 30*f - 7. Give c(4).
-15
Let c(r) = 5*r - 318. Calculate c(67).
17
Let h(t) = 427*t + 2609. Calculate h(-7).
-380
Let b(u) = -4*u**2 + 44*u - 115. Calculate b(5).
5
Let f(r) = r**2 - 38*r - 81. Give f(20).
-441
Let j(h) = -152*h - 796. Determine j(-5).
-36
Let z(g) = g**2 - 79*g + 157. Determine z(2).
3
Let h(s) = 2*s**3 + 80*s**2 - 257*s + 38. What is h(-43)?
-5
Let w(l) = 12316*l - 86215. Give w(7).
-3
Let i(r) = 92*r - 1090. Determine i(14).
198
Let h(j) = -19*j + 13. Give h(9).
-158
Let c(u) = 6*u + 31. Determine c(-1).
25
Let g(s) = 219*s - 2. Determine g(0).
-2
Let q(g) = g**3 - 17*g**2 - 26*g + 259. What is q(18)?
115
Let y(a) = -218*a + 6. Determine y(-1).
224
Let s(n) = 57*n**3 + 16*n + 15. Give s(-1).
-58
Let f(b) = -62*b - 13. Calculate f(0).
-13
Let g(b) = -2*b**3 + 43*b**2 - 32*b + 1. What is g(21)?
-230
Let t(s) = -s**3 - 5*s**2 + 9*s - 185. Calculate t(-8).
-65
Let n(i) = 2*i**3 - 11*i**2 - 11*i + 77. Determine n(5).
-3
Let b(j) = -j**3 - 7*j**2 + 6*j + 66. What is b(-9)?
174
Let g(p) = -233*p - 17940. What is g(-77)?
1
Let t(f) = f**3 - 31*f**2 - 2*f + 78. Give t(31).
16
Let l(j) = j**3 - 9*j**2 + 4*j - 23. Calculate l(4).
-87
Let o(i) = 146*i + 13. Determine o(0).
13
Let j(d) = 234*d + 229. Determine j(-1).
-5
Let b(n) = -5452*n + 109037. What is b(20)?
-3
Let w(j) = 41*j + 754. Determine w(-17).
57
Let y(i) = i**2 + 121*i + 1665. Give y(-105).
-15
Let z(i) = 98*i + 33. Give z(-4).
-359
Let d(i) = 7*i**2 - 615*i - 178. Give d(88).
-90
Let j(n) = 26*n + 4013. Determine j(-154).
9
Let o(s) = -2*s**3 - 11*s**2 + 15*s + 201. Calculate o(-7).
243
Let i(b) = 5*b - 24. What is i(19)?
71
Let a(t) = -t**3 - 3*t**2 - 2*t + 111. Determine a(0).
111
Let y(b) = 640*b + 12826. Give y(-20).
26
Let w(m) = -m**2 - 102*m - 755. Give w(-94).
-3
Let d(w) = -16*w**2 + 32*w + 4. Determine d(5).
-236
Let g(a) = -9*a**3 + 116*a**2 - 3*a + 42. What is g(13)?
-166
Let j(f) = -74*f + 1024. Calculate j(14).
-12
Let r(i) = -60*i + 3350. What is r(56)?
-10
Let j(d) = -d**3 + 44*d**2 + 92*d - 2. Calculate j(46).
-2
Let s(y) = -461*y - 7373. Calculate s(-16).
3
Let q(t) = -43*t**2 - 1245*t + 146. What is q(-29)?
88
Let g(n) = 2*n**2 + 101*n - 556. Give g(-55).
-61
Let m(i) = -2*i**3 + 15*i**2 - 11*i + 14. Give m(8).
-138
Let j(b) = -b**2 - 27*b - 84. Calculate j(-19).
68
Let v(s) = -151*s**2 + 425*s. Determine v(3).
-84
Let p(f) = f**3 + 8*f + 87. Calculate p(0).
87
Let s(u) = 1983*u - 7928. Calculate s(4).
4
Let g(o) = o**3 + 86*o**2 + 270*o + 1754. Give g(-83).
11
Let w(f) = -856*f - 78760. What is w(-92)?
-8
Let r(y) = 13*y**2 - 32*y - 61. Give r(-2).
55
Let x(c) = -c**3 - 27*c**2 - 85*c + 174. Give x(-23).
13
Let m(b) = b**3 - 2*b**2 - 12*b + 32. Give m(6).
104
Let j(d) = -56*d - 236. Calculate j(-5).
44
Let c(x) = -2*x**3 - 74*x**2 + 48*x - 83. What is c(-38)?
981
Let n(t) = t**3 - 4*t**2 - 3*t + 9. Give n(5).
19
Let m(i) = 79*i - 707. Determine m(9).
4
Let d(v) = -9*v**2 - 35*v + 4. Determine d(-4).
0
Let o(a) = a**3 + 12*a**2 - 49*a - 493. Determine o(-13).
-25
Let n(l) = -2*l**2 - 26*l + 168. Determine n(7).
-112
Let p(n) = n**2 - 66*n + 632. Determine p(12).
-16
Let d(y) = -4*y**2 + 15*y + 476. What is d(14)?
-98
Let k(g) = -4*g**3 - 22*g**2 + 45*g + 61. Give k(-8).
341
Let j(g) = -1021*g - 82706. Give j(-81).
-5
Let j(g) = 700*g + 10489. What is j(-15)?
-11
Let b(h) = -102*h + 18. Calculate b(-5).
528
Let w(q) = 3*q**3 - 451*q**2 + 1059*q - 3405. Calculate w(148).
-1
Let u(w) = -w**3 + 20*w**2 + 238*w - 4767. Calculate u(20).
-7
Let b(w) = -w**2 - 5*w - 52. Determine b(-13).
-156
Let z(p) = -16*p**2 + p - 15. Calculate z(0).
-15
Let f(i) = -i**3 + 14*i**2 + i + 10. What is f(14)?
24
Let x(k) = k**3 - 214*k**2 + 427*k - 6. Give x(2).
0
Let p(l) = 7*l**2 + 7*l - 86. Determine p(6).
208
Let c(k) = 390*k + 5477. What is c(-14)?
17
Let f(v) = -27*v**2 - 89*v + 356. Determine f(4).
-432
Let h(u) = 94*u - 6544. Give h(71).
130
Let o(v) = v**2 + 66*v - 5815. What is o(-116)?
-15
Let b(l) = l**3 - 11*l**2 + 18*l - 110. Calculate b(11).
88
Let q(z) = -z**3 + 41*z**2 + 274*z - 9765. What is q(42)?
-21
Let r(i) = -7*i - 95. Calculate r(-33).
136
Let f(l) = -28*l + 700. What is f(25)?
0
Let b(i) = -2*i**3 + 27*i**2 + 49*i - 488. Determine b(14).
2
Let r(b) = 2*b**2 - 90*b + 77. Determine r(44).
-11
Let t(o) = -3*o**2 - 24*o - 12. Determine t(-6).
24
Let l(x) = -15*x + 107. Determine l(3).
62
Let b(f) = 143*f - 273. Give b(2).
13
Let d(b) = 77*b - 4916. Calculate d(64).
12
Let v(d) = 62*d - 435. Calculate v(6).
-63
Let l(p) = 124*p - 4107. What is l(33)?
-15
Let b(m) = 57*m**2 - 71*m + 210. Calculate b(3).
510
Let a(o) = -o**2 - 537*o - 23914. Calculate a(-49).
-2
Let y(u) = -u**3 + 8*u**2 + 12*u - 148. Calculate y(8).
-52
Let l(f) = -f**2 - 98*f - 598. Determine l(-6).
-46
Let g(j) = -118*j + 7903. Determine g(67).
-3
Let h(b) = 7*b**2 + 14*b - 3. Calculate h(-6).
165
Let s(p) = p**3 + 13*p**2 - 63*p + 71. Determine s(-17).
-14
Le